te the remainder when 12 is divided by r(w).
5
Let y(l) = 20*l + 144. Let u(b) = 9*b + 4. Calculate the remainder when u(7) is divided by y(-6).
19
What is the remainder when (-1 + (-4)/(-5))/((-8)/9040) is divided by 70?
16
Let w(t) = t**2 - 17*t - 13. What is the remainder when w(20) is divided by 10?
7
Let s be 1/2*0/(-4). Calculate the remainder when 60 is divided by 20 + (-12)/(-2) + -2 - s.
12
Let a(c) = -4 - 13*c**2 + 21 + c**3 - 11 - 14*c. Calculate the remainder when 13 is divided by a(14).
1
Let k be 712/5 - (-4)/(-10). Suppose -k = -3*z + 2*l + 34, l = -z + 57. Let a = 10683 + -10668. What is the remainder when z is divided by a?
13
Let f(y) = -y**2 - 3*y + 3. Let o be f(-3). Suppose -o = -j - 0. Calculate the remainder when (-9)/(-36) + (-54)/(-8) is divided by j.
1
Suppose -48*n = -830 - 1522. Suppose 4*q + 3 + 5 = 4*x, -5*x + 16 = -3*q. What is the remainder when n is divided by x?
4
Let p(g) = -g**2 + 10*g - 20. Let t be p(4). Suppose 0*c = -4*c + 96. Suppose -t = c*v - 25*v. Calculate the remainder when 15 is divided by v.
3
Let w(c) = 2*c + 2. Let s be w(1). Suppose 5*d - g = 271, s*d - g - 161 = d. What is the remainder when d is divided by 14?
13
Let x = -20 - -27. Suppose -x*a - 19 = -124. Calculate the remainder when 29 is divided by a.
14
Let g = -36 + 40. Suppose -s - 14 = -g*d, 5 = -s + d + 3. Calculate the remainder when 9 is divided by s.
1
Calculate the remainder when 29 + (2 + -1)/1 is divided by 17.
13
Calculate the remainder when 160 is divided by (-13)/52*314*-2.
3
Let p(j) = -j**2 + 12*j - 14. Calculate the remainder when 231 is divided by p(8).
15
Let m = -24 - 0. Suppose 5*c - 210 = -0*c. Let h = m + c. Calculate the remainder when h is divided by 11.
7
Let h(b) = -b**2 - 40*b - 33. Calculate the remainder when h(-35) is divided by 37.
31
Suppose 2*o - 120 = -8*o. Calculate the remainder when 32 is divided by o.
8
Suppose -40 = -4*q + 12. Let z(g) = -2*g**2 - 16*g - 8. Calculate the remainder when z(-5) is divided by q.
9
Let p(j) = j**3 - 11*j**2 + j - 11. Let x be p(11). Suppose 7*i + x*i = 35. Suppose i*y - 16 - 49 = 0. Calculate the remainder when y is divided by 4.
1
Let x(f) = -f**3 + 11*f**2 + 100*f + 42. What is the remainder when x(17) is divided by 4?
0
Let o be ((-170)/12 - (-2)/(-4))*-6. Suppose o = 16*c - 184. What is the remainder when 202 is divided by c?
15
Suppose 58 = k + 3. Suppose -k = -v - 0. Suppose 0 = -2*h + 7*h - v. Calculate the remainder when 53 is divided by h.
9
Suppose 0 = -10*b + 60 + 30. What is the remainder when 35 is divided by b?
8
Suppose -4*t + z + 268 = 0, 54 = 2*t - 5*z - 62. Let g be 52 + (-1 - (-15)/(-5)). Let v = t - g. What is the remainder when 38 is divided by v?
18
Let s = 11 + -1. Suppose -34 = -3*p + 5*j, 12 + s = -p - 5*j. Suppose -d + 4 = -p*d, -2*d - 33 = -n. Calculate the remainder when 84 is divided by n.
26
Suppose 70 = 21*j - 11*j. Calculate the remainder when 340 is divided by j.
4
Suppose -53*d + 48*d = -930. Calculate the remainder when d is divided by 47.
45
Suppose 12 = 5*o - 3. Suppose -3*k + 11 = -n + o, -5*k + 17 = 2*n. What is the remainder when (-20)/(-11) + 22/121 is divided by n?
0
Let z(p) = 3*p - 6*p + 16 + 4*p - 3. Suppose -2*c + 5*x - 32 = 0, 3*c + 3*x + 2*x = -23. What is the remainder when z(c) is divided by 1?
0
Calculate the remainder when 310 is divided by ((-576)/160)/(2*3/(-105)).
58
Suppose 13 = -4*m + 5. Let v(s) = -31*s - 22. What is the remainder when v(m) is divided by 12?
4
Let i = -103 - -101. Calculate the remainder when 107 is divided by ((-18)/21)/(i/84).
35
Suppose 4*w - i - 109 = -0*w, 3*w + 2*i = 90. What is the remainder when 62 is divided by w?
6
Let q(p) = 2*p + 5. Let s be q(3). Let x be (s - 1)*(-204)/5. What is the remainder when 49 is divided by x/16*2/(-3)?
15
Let i(b) = -2*b**3 - 10*b**2 - 19*b - 1. What is the remainder when 198 is divided by i(-3)?
18
Let u = 7 - 4. Suppose a = -u*j + 42, -4*a - j = j - 118. Suppose 0*f + a = f. Calculate the remainder when f is divided by 15.
12
What is the remainder when (-165)/(-5) + 6/(-3) is divided by 1?
0
Let v = 8 + -5. Suppose -4*r - 22 = -v*r. Calculate the remainder when 4 is divided by 4/(-22) - 26/r.
0
Let u = -471 + 910. Calculate the remainder when u is divided by 49.
47
Let s = 110 + -83. Suppose 4*x - 2*y = 34, -4*x - y + s = -22. Calculate the remainder when 43 is divided by x.
10
Suppose -2*q + 82 = 2*k, -k + 4*k - q = 127. Let g be ((-5)/(-15))/(1/k). Suppose -g*o - 15 = -19*o. What is the remainder when 5 is divided by o?
2
Suppose -3*x + 13 + 29 = 0. Let p(s) = -14*s**2 - 1. Let r be p(1). Let l = r - -23. What is the remainder when x is divided by l?
6
Let r = 24 + -9. What is the remainder when 73 is divided by r?
13
Let c = -2406 - -2470. What is the remainder when c is divided by (1 + -14)/(1/(-1))?
12
Suppose 240 - 1008 = -12*l. Calculate the remainder when 236 is divided by l.
44
Let s(f) = 10*f**2 - 2*f - 1. Let g be s(2). Let b = 18 - g. Let n = -11 - b. What is the remainder when 20 is divided by n?
2
Suppose 0 = 9*h + 302 - 374. Suppose 2*w - 207 = -w. What is the remainder when w is divided by h?
5
Let n = -1245 + 1274. Suppose 5*o - 4*u = -0*u + 84, 52 = 3*o - 4*u. What is the remainder when n is divided by o?
13
Suppose -3*p + 0 + 6 = 0. Suppose 4*c = -3*v + 236, -p*c - 4*v + 11 = -107. Suppose 5*m - 18 = 82. What is the remainder when c is divided by m?
19
Let h be (46 - 0) + (-2)/((-10)/15). Let y = 57 - h. What is the remainder when y is divided by 2?
0
Suppose 22*b - 197 = 111. Calculate the remainder when 19 is divided by b.
5
Suppose 0 = -0*p + 4*p - 264. Calculate the remainder when p is divided by 26.
14
Suppose 3*w - 9 = -0*s + 3*s, -3*w - 4*s + 37 = 0. What is the remainder when -5*19/((-665)/168) is divided by w?
3
Let v = 6 - 6. Let z be (v - -1)*(-3 - -8). Let c = 15 - z. What is the remainder when 39 is divided by c?
9
Suppose 3*s + 2596 = 47*s. What is the remainder when s is divided by 17?
8
Suppose -a + 26 = a. Let t(j) = -j**2 - 9*j + 4. Let i be t(-9). Calculate the remainder when i*(-4)/(-8)*38 is divided by a.
11
Let n be (1 + -1)/(7 - (4 - -2)). Suppose -3*l - 4*b = -n*l - 25, -2*l = -5*b - 32. What is the remainder when 42 is divided by l?
9
Let n = -90 - -311. Calculate the remainder when n is divided by 56.
53
Let p(t) = -2*t**2 + 60*t + 27. Calculate the remainder when p(26) is divided by 2.
1
Let x = 664 - 646. Suppose 3*a - 138 = 3*w, -4*a + 179 = -5*w - 0*w. Calculate the remainder when a is divided by x.
15
Let o = -47 + 79. Calculate the remainder when 23 is divided by 400/o - (6/(-4))/3.
10
Suppose -5*g + 224 = -6. Calculate the remainder when g is divided by 3.
1
Suppose 3*b - 121 - 236 = 0. What is the remainder when (-3)/(-7) - (-13396)/b is divided by 29?
26
Let m(w) = 2*w**2 + 2*w + 1. Calculate the remainder when 8 + -5 + -6 + 16 is divided by m(-2).
3
Let v = -15 - 20. Let a = v + 45. What is the remainder when 39 is divided by a?
9
Suppose 59 = v + 7. Let d(u) = -6*u - 24. What is the remainder when v is divided by d(-7)?
16
Let q(y) = -y**2 - 33*y - 53. Calculate the remainder when 164 is divided by q(-28).
77
Let r = -339 + 396. What is the remainder when r is divided by 15?
12
Let z = -1824 - -1993. What is the remainder when 364 is divided by z?
26
Let i = -603 - -641. Calculate the remainder when 122 is divided by i.
8
Let k = -4 + 36. Let r = -45 + 106. What is the remainder when r is divided by k?
29
Suppose 7 + 8 = 5*u. Let q(y) = -y - y - y**3 - 2 + 2*y**u - 2 - 5*y**2. Calculate the remainder when q(6) is divided by 7.
6
Let n(m) = m**3 - 2*m**2 - 4. Let h be n(3). Let p = 4 - h. Calculate the remainder when (-153)/6*-2 - p is divided by 18.
16
Let q = 72 + -42. Suppose 0 = -2*v + 19 + 1. Suppose -2*i + q = 2*s + v, 3*i + s = 28. What is the remainder when 15 is divided by i?
6
Calculate the remainder when ((-16)/12 - 0)*-66 is divided by 9.
7
Calculate the remainder when (-11028)/(-42) - (-3)/7 is divided by 53.
51
Let f = -82 - -90. What is the remainder when 23 is divided by f?
7
Let p = -114 - -149. Let a = p + -20. Calculate the remainder when 57 is divided by a.
12
Suppose 0 = 4*b - 61 + 53. Suppose -b*i + 2*u + 38 = 0, 57 = 3*i - 2*u + 4*u. What is the remainder when 75 is divided